{"id":1013,"date":"2024-06-17T17:02:12","date_gmt":"2024-06-17T15:02:12","guid":{"rendered":"https:\/\/www.lioba-artisanat.com\/lioba2024\/?page_id=1013"},"modified":"2026-01-07T15:39:45","modified_gmt":"2026-01-07T14:39:45","slug":"jeunes","status":"publish","type":"page","link":"https:\/\/www.lioba.com\/index.php\/jeunes\/","title":{"rendered":"jeunes"},"content":{"rendered":"\n<h1 class=\"wp-block-heading has-text-color has-link-color wp-elements-71da0e3365206356b1d6f501a0162182\" style=\"color:#cf2ca6\">Sessions et retraites en 2026<\/h1>\n\n\n\n<hr class=\"wp-block-separator has-alpha-channel-opacity\"\/>\n\n\n\n<h3 class=\"wp-block-heading has-colibri-color-1-color has-text-color has-link-color wp-elements-3b77569088068a22856db3fe4d972d3e\"><a>21 f\u00e9vrier (10h) -22 f\u00e9vrier (14h)<\/a><\/h3>\n\n\n\n<h4 class=\"wp-block-heading has-colibri-color-2-color has-text-color has-link-color wp-elements-5d6cbcb24a569249b31b5674ec4728b8\"><strong>Pause au monast\u00e8re&nbsp;pour les 17 \u00e0 35 ans<\/strong><\/h4>\n\n\n\n<p class=\"has-text-align-center\">\u00b0Temps d\u2019enseignement&nbsp;: <em>Prier avec J\u00e9sus les psaumes&nbsp;: apprendre de J\u00e9sus \u00e0 Dialoguer librement avec Dieu<\/em><\/p>\n\n\n\n<p class=\"has-text-align-center\">\u00b0 Temps de pri\u00e8re et d\u2019adoration et c<em>hanter avec la communaut\u00e9 les psaumes. &nbsp;<\/em><\/p>\n\n\n\n<p class=\"has-text-align-center\">\u00b0Possibilit\u00e9 pour ceux qui le d\u00e9sirent de <em>travailler une heure dehors aupr\u00e8s des oliviers&nbsp;! (Tu peux aussi r\u00e9viser&nbsp;!)<\/em><\/p>\n\n\n\n<hr class=\"wp-block-separator has-alpha-channel-opacity\"\/>\n\n\n\n<h2 class=\"wp-block-heading has-colibri-color-1-color has-text-color has-link-color wp-elements-b2d890db89ba82c6441499790025ab44\"><strong>15 juillet (17h) &#8211; 18 juillet (14h)&nbsp;:<\/strong><\/h2>\n\n\n\n<h3 class=\"wp-block-heading has-colibri-color-2-color has-text-color has-link-color wp-elements-f99fc4f61cbbea0105859b487f57bd66\"><strong><em>Cr\u00e9er \u00e0 partir du silence (poterie); Art et recherche de Dieu<\/em><\/strong><\/h3>\n\n\n\n<p class=\"has-text-align-center\"><strong><em>Le matin&nbsp;: cours de poterie<\/em><\/strong><\/p>\n\n\n\n<p class=\"has-text-align-center\"><strong><em>L\u2019apr\u00e8s-midi&nbsp;: Comment se nourrir d\u2019un texte de la bible&nbsp;?<\/em><\/strong><\/p>\n\n\n\n<p class=\"has-text-align-center\"><strong><em>Comment un psaume peut nous aider \u00e0 prier, \u00e0 vivre une relation avec Dieu&nbsp;?<\/em><\/strong><\/p>\n\n\n\n<p class=\"has-text-align-center\"><strong><em>Ce partage est suivi d\u2019un temps de silence de d\u00e9tente<\/em><\/strong><\/p>\n\n\n<div class=\"wp-block-image\">\n<figure class=\"aligncenter size-full is-resized\"><img loading=\"lazy\" decoding=\"async\" width=\"720\" height=\"480\" src=\"https:\/\/www.lioba.com\/wp-content\/uploads\/2026\/01\/DSC09888-Petit.jpg\" alt=\"\" class=\"wp-image-1661\" style=\"width:378px;height:auto\" srcset=\"https:\/\/www.lioba.com\/wp-content\/uploads\/2026\/01\/DSC09888-Petit.jpg 720w, https:\/\/www.lioba.com\/wp-content\/uploads\/2026\/01\/DSC09888-Petit-300x200.jpg 300w\" sizes=\"auto, (max-width: 720px) 100vw, 720px\" \/><\/figure>\n<\/div>\n\n\n<hr class=\"wp-block-separator has-alpha-channel-opacity\"\/>\n\n\n\n<hr class=\"wp-block-separator has-text-color has-colibri-color-5-color has-alpha-channel-opacity has-colibri-color-5-background-color has-background\"\/>\n\n\n\n<hr class=\"wp-block-separator has-alpha-channel-opacity\"\/>\n\n\n\n<h2 class=\"wp-block-heading has-colibri-color-1-color has-text-color has-link-color wp-elements-6420e5b21ff760a2df56a4622052be03\"><strong>24 ao\u00fbt (17h) &#8211; 27 ao\u00fbt&nbsp;(14h)&nbsp;:<\/strong><\/h2>\n\n\n\n<h3 class=\"wp-block-heading has-colibri-color-2-color has-text-color has-link-color wp-elements-f99fc4f61cbbea0105859b487f57bd66\"><strong><em>Cr\u00e9er \u00e0 partir du silence (poterie); Art et recherche de Dieu<\/em><\/strong><\/h3>\n\n\n\n<p class=\"has-text-align-center\"><strong><em>Le matin&nbsp;: cours de poterie<\/em><\/strong><\/p>\n\n\n\n<p class=\"has-text-align-center\"><strong><em>L\u2019apr\u00e8s-midi&nbsp;: Comment se nourrir d\u2019un texte de la bible&nbsp;?<\/em><\/strong><\/p>\n\n\n\n<p class=\"has-text-align-center\"><strong><em>Comment un psaume peut nous aider \u00e0 prier, \u00e0 vivre une relation avec Dieu&nbsp;?<\/em><\/strong><\/p>\n\n\n\n<p class=\"has-text-align-center\"><strong><em>Ce partage est suivi d\u2019un temps de silence, de d\u00e9tente<\/em><\/strong><\/p>\n\n\n<div class=\"wp-block-image\">\n<figure class=\"aligncenter size-full is-resized\"><img loading=\"lazy\" decoding=\"async\" width=\"480\" height=\"720\" src=\"https:\/\/www.lioba.com\/wp-content\/uploads\/2026\/01\/DSC09873-Petit-rotated.jpg\" alt=\"\" class=\"wp-image-1665\" style=\"width:248px;height:auto\" srcset=\"https:\/\/www.lioba.com\/wp-content\/uploads\/2026\/01\/DSC09873-Petit-rotated.jpg 480w, https:\/\/www.lioba.com\/wp-content\/uploads\/2026\/01\/DSC09873-Petit-200x300.jpg 200w\" sizes=\"auto, (max-width: 480px) 100vw, 480px\" \/><\/figure>\n<\/div>\n\n\n<hr class=\"wp-block-separator has-alpha-channel-opacity\"\/>\n\n\n\n<h2 class=\"wp-block-heading has-colibri-color-1-color has-text-color has-link-color wp-elements-8a85e36f2a1d1b92c4cb44c97d268d36\"><strong>7 septembre (17h) avril &#8211; 10 septembre (14h)&nbsp;:<\/strong><\/h2>\n\n\n\n<h3 class=\"wp-block-heading has-colibri-color-2-color has-text-color has-link-color wp-elements-8a53de01a3b64dc0b153f8bc9c83dee9\"><strong><em>Cr\u00e9er \u00e0 partir du silence (peinture) ; Art et recherche de Dieu&nbsp;<\/em><\/strong><\/h3>\n\n\n\n<p class=\"has-text-align-center\"><strong><em>Le matin&nbsp;: cours de peinture<\/em><\/strong><\/p>\n\n\n\n<p class=\"has-text-align-center\"><strong><em>L\u2019apr\u00e8s-midi&nbsp;: Comment se nourrir d\u2019un texte de la bible&nbsp;?<\/em><\/strong><\/p>\n\n\n\n<p class=\"has-text-align-center\"><strong><em>Comment un psaume peut nous aider \u00e0 prier, \u00e0 vivre une relation avec Dieu&nbsp;?<\/em><\/strong><\/p>\n\n\n\n<p class=\"has-text-align-center\"><strong><em>Ce partage est suivi d\u2019un temps de silence, de d\u00e9tente <\/em><\/strong><\/p>\n\n\n\n<hr class=\"wp-block-separator has-alpha-channel-opacity\"\/>\n\n\n\n<h2 class=\"wp-block-heading has-colibri-color-1-color has-text-color has-link-color wp-elements-9e6c30d8231f3db43527b513b62fad15\"><a>10 octobre (10h) -11 octobre (14h)<\/a><\/h2>\n\n\n\n<div style=\"height:0px\" aria-hidden=\"true\" class=\"wp-block-spacer\"><\/div>\n\n\n\n<p class=\"has-text-align-left has-colibri-color-2-color has-text-color has-link-color wp-elements-2f1b16ca0ea286137c5094c475531894\"><strong>Pause au monast\u00e8re\u00a0pour les 17 \u00e0 35 ans<\/strong><\/p>\n\n\n\n<p class=\"has-text-align-center\">\u00b0Temps d\u2019enseignement&nbsp;: <em>Prier avec J\u00e9sus les psaumes&nbsp;: apprendre de J\u00e9sus \u00e0 Dialoguer librement avec Dieu<\/em><\/p>\n\n\n\n<p class=\"has-text-align-center\">\u00b0 Temps de pri\u00e8re et d\u2019adoration et c<em>hanter avec la communaut\u00e9 les psaumes. &nbsp;<\/em><\/p>\n\n\n\n<p class=\"has-text-align-center\">\u00b0Possibilit\u00e9 pour ceux qui le d\u00e9sirent de <em>travailler une heure dehors aupr\u00e8s des oliviers\u00a0!<\/em><\/p>\n\n\n\n<p class=\"has-text-align-center\"><em> (Tu peux aussi r\u00e9viser\u00a0!)<\/em><\/p>\n\n\n\n<hr class=\"wp-block-separator has-alpha-channel-opacity\"\/>\n\n\n\n<p><\/p>\n\n\n\n<figure class=\"wp-block-gallery aligncenter has-nested-images columns-default is-cropped wp-block-gallery-1 is-layout-flex wp-block-gallery-is-layout-flex\">\n<figure class=\"wp-block-image size-large\"><img loading=\"lazy\" decoding=\"async\" width=\"1024\" height=\"682\" data-id=\"1124\" src=\"https:\/\/www.lioba.com\/wp-content\/uploads\/2024\/06\/page-jeunes-b--1024x682.jpg\" alt=\"\" class=\"wp-image-1124\" srcset=\"https:\/\/www.lioba.com\/wp-content\/uploads\/2024\/06\/page-jeunes-b--1024x682.jpg 1024w, https:\/\/www.lioba.com\/wp-content\/uploads\/2024\/06\/page-jeunes-b--300x200.jpg 300w, https:\/\/www.lioba.com\/wp-content\/uploads\/2024\/06\/page-jeunes-b--768x512.jpg 768w, https:\/\/www.lioba.com\/wp-content\/uploads\/2024\/06\/page-jeunes-b--1536x1024.jpg 1536w, https:\/\/www.lioba.com\/wp-content\/uploads\/2024\/06\/page-jeunes-b-.jpg 2000w\" sizes=\"auto, (max-width: 1024px) 100vw, 1024px\" \/><\/figure>\n\n\n\n<figure class=\"wp-block-image size-large\"><img loading=\"lazy\" decoding=\"async\" width=\"1024\" height=\"682\" data-id=\"1135\" src=\"https:\/\/www.lioba.com\/wp-content\/uploads\/2024\/06\/ses-5a-jeunes-lectio-2-1024x682.jpg\" alt=\"\" class=\"wp-image-1135\" srcset=\"https:\/\/www.lioba.com\/wp-content\/uploads\/2024\/06\/ses-5a-jeunes-lectio-2-1024x682.jpg 1024w, https:\/\/www.lioba.com\/wp-content\/uploads\/2024\/06\/ses-5a-jeunes-lectio-2-300x200.jpg 300w, https:\/\/www.lioba.com\/wp-content\/uploads\/2024\/06\/ses-5a-jeunes-lectio-2-768x512.jpg 768w, https:\/\/www.lioba.com\/wp-content\/uploads\/2024\/06\/ses-5a-jeunes-lectio-2-1536x1024.jpg 1536w, https:\/\/www.lioba.com\/wp-content\/uploads\/2024\/06\/ses-5a-jeunes-lectio-2.jpg 2000w\" sizes=\"auto, (max-width: 1024px) 100vw, 1024px\" \/><\/figure>\n<\/figure>\n\n\n\n<h2 class=\"wp-block-heading\">Un s\u00e9jour plus long : faire une exp\u00e9rience de vivre dans la joie de Dieu&nbsp; !<\/h2>\n\n\n\n<p>La communaut\u00e9 donne \u00e0 ceux qui s\u2019interrogent sur leur chemin de vie, &nbsp;\u00e0 ceux qui se posent la question si Dieu ne leur appelle pas \u00e0 t\u00e9moigner par toute leur vie de Lui, la possibilit\u00e9 de vivre un temps plus long dans la communaut\u00e9. Vivant avec la communaut\u00e9, il y aura&nbsp;:<\/p>\n\n\n\n<p>Des&nbsp;temps de pri\u00e8re&nbsp;avec la communaut\u00e9&nbsp;; tu apprendras \u00e0 demeurer dans ton c\u0153ur avec Celui qui t\u2019attend d\u00e9j\u00e0&nbsp;!<\/p>\n\n\n\n<p>Des&nbsp;temps de rencontres&nbsp;personnelles avec un moine ou une moniale<\/p>\n\n\n\n<p>Des temps de service&nbsp;ou bien autour de nos oliviers ou dans la poterie ou encore en participant \u00e0 un autre travail de la communaut\u00e9&nbsp;!<\/p>\n\n\n\n<p>Pour une exp\u00e9rience plus longue que 10 jours (1 \u00e0 3 mois) un bref s\u00e9jour d\u2019au moins 3 jours est pr\u00e9alablement demand\u00e9 pour voir ensemble comment pr\u00e9voir cette exp\u00e9rience qui peut \u00eatre comme un temps de discernement ou comme une \u00ab\u00a0<strong>\u00e9cole de vie<\/strong>\u00a0\u00bb &nbsp;<\/p>\n\n\n<div class=\"wp-block-image\">\n<figure class=\"aligncenter size-large is-resized\"><img loading=\"lazy\" decoding=\"async\" width=\"1024\" height=\"682\" src=\"https:\/\/www.lioba.com\/wp-content\/uploads\/2024\/06\/2f-accueil-1-1024x682.jpg\" alt=\"\" class=\"wp-image-496\" style=\"width:481px;height:auto\" srcset=\"https:\/\/www.lioba.com\/wp-content\/uploads\/2024\/06\/2f-accueil-1-1024x682.jpg 1024w, https:\/\/www.lioba.com\/wp-content\/uploads\/2024\/06\/2f-accueil-1-300x200.jpg 300w, https:\/\/www.lioba.com\/wp-content\/uploads\/2024\/06\/2f-accueil-1-768x512.jpg 768w, https:\/\/www.lioba.com\/wp-content\/uploads\/2024\/06\/2f-accueil-1-1536x1024.jpg 1536w, https:\/\/www.lioba.com\/wp-content\/uploads\/2024\/06\/2f-accueil-1.jpg 2000w\" sizes=\"auto, (max-width: 1024px) 100vw, 1024px\" \/><\/figure>\n<\/div>\n\n\n<p><\/p>\n\n\n\n<p><strong>Inscriptions&nbsp;: benedictins@lioba.com<\/strong><\/p>\n","protected":false},"excerpt":{"rendered":"<p>Sessions et retraites en 2026 21 f\u00e9vrier (10h) -22 f\u00e9vrier (14h) Pause au monast\u00e8re&nbsp;pour les 17 \u00e0 35 ans \u00b0Temps d\u2019enseignement&nbsp;: Prier avec J\u00e9sus les psaumes&nbsp;: apprendre de J\u00e9sus \u00e0 Dialoguer librement avec Dieu \u00b0 Temps de pri\u00e8re et d\u2019adoration et chanter avec la communaut\u00e9 les psaumes. &nbsp; \u00b0Possibilit\u00e9 pour ceux qui le d\u00e9sirent de [&hellip;]<\/p>\n","protected":false},"author":1,"featured_media":1434,"parent":0,"menu_order":0,"comment_status":"closed","ping_status":"closed","template":"","meta":{"footnotes":""},"class_list":["post-1013","page","type-page","status-publish","has-post-thumbnail","hentry"],"_links":{"self":[{"href":"https:\/\/www.lioba.com\/index.php\/wp-json\/wp\/v2\/pages\/1013","targetHints":{"allow":["GET"]}}],"collection":[{"href":"https:\/\/www.lioba.com\/index.php\/wp-json\/wp\/v2\/pages"}],"about":[{"href":"https:\/\/www.lioba.com\/index.php\/wp-json\/wp\/v2\/types\/page"}],"author":[{"embeddable":true,"href":"https:\/\/www.lioba.com\/index.php\/wp-json\/wp\/v2\/users\/1"}],"replies":[{"embeddable":true,"href":"https:\/\/www.lioba.com\/index.php\/wp-json\/wp\/v2\/comments?post=1013"}],"version-history":[{"count":17,"href":"https:\/\/www.lioba.com\/index.php\/wp-json\/wp\/v2\/pages\/1013\/revisions"}],"predecessor-version":[{"id":1683,"href":"https:\/\/www.lioba.com\/index.php\/wp-json\/wp\/v2\/pages\/1013\/revisions\/1683"}],"wp:featuredmedia":[{"embeddable":true,"href":"https:\/\/www.lioba.com\/index.php\/wp-json\/wp\/v2\/media\/1434"}],"wp:attachment":[{"href":"https:\/\/www.lioba.com\/index.php\/wp-json\/wp\/v2\/media?parent=1013"}],"curies":[{"name":"wp","href":"https:\/\/api.w.org\/{rel}","templated":true}]}}